*q + 30 = c*a. What is the units digit of a?
3
Suppose -24*w = -13*w - 759. Let k = 303 - w. What is the tens digit of k?
3
Let t = 831 + -553. What is the units digit of t?
8
Suppose i - 119 = -2*y, y - 5*i + i = 64. Suppose -2*h + y + 56 = 0. What is the units digit of h?
8
Let j(z) = -4*z - 10. Let p be j(-4). Suppose -p = -2*n + 14. What is the units digit of 6/n - 156/(-15)?
1
Let u(q) = -5742*q**3 + q**2 - 2*q - 3. Let g be u(-1). Suppose 10*x = 28*x - g. What is the hundreds digit of x?
3
Let u = -6 + 10. Suppose -2 - u = -3*r. Suppose -r*o - 15 = -59. What is the tens digit of o?
2
Suppose 51 + 45 = 3*z. Suppose -2*o + 112 + z = 0. What is the units digit of o?
2
Suppose -11*m + 42*m = 44361. What is the tens digit of m?
3
Suppose 374 = s + 103. What is the tens digit of s?
7
Suppose 2*g + f + 41 = 393, 5*f = 2*g - 364. What is the units digit of g?
7
Let c = -625 - -674. What is the units digit of c?
9
Let o(q) = 2*q**2 + 1. Let r be o(1). What is the units digit of -3 + r + 211 - (-5 + 2)?
4
Let o = -26 - -29. Let m(f) = -17 + f**2 - 10 + 30 + o*f. What is the units digit of m(5)?
3
Let l(q) = -2*q**2 + 41*q - 32. What is the hundreds digit of l(13)?
1
Suppose 4*m = 167 + 101. What is the units digit of m?
7
Suppose 291 = -2*r + 5*r. Let z = 148 - r. What is the units digit of z?
1
Suppose 198 = -13*r + 15*r. What is the tens digit of r?
9
Let m(a) = 7 + 0*a**2 - 29*a + 30*a + a**3 + 8*a**2. What is the units digit of m(-6)?
3
Suppose -l - 47 = 4*x, 5*x = 5*l + x + 331. Let g be (3 - 1) + (0 - l). Suppose m - g = -4*m. What is the tens digit of m?
1
Suppose 47*o - 6725 = 22*o. What is the hundreds digit of o?
2
Suppose 0 = -6*d + 320 + 172. What is the tens digit of d?
8
Let q(v) = v**2 - 3. Let a be 10/((15/6)/5). Let m be ((-4)/5)/((-4)/a). What is the units digit of q(m)?
3
Let q(c) = c - 13. Let w be q(16). What is the units digit of (4/w)/(16/600)?
0
Let r(y) = -y**3 + 4*y**2 + 5*y + 96. What is the tens digit of r(-10)?
4
Let z(j) = 2559*j**3 + 2*j**2 - 3*j + 1. What is the thousands digit of z(1)?
2
Let y be -4*6*(-1)/2. Let t(w) = 3*w - 5*w - y - 4*w. What is the tens digit of t(-8)?
3
Suppose 0 = -44*w + 49*w - 20. Suppose a = -l + 29, w*l + 24 = a - 0*a. What is the tens digit of a?
2
Suppose -233 = 8*r - 9*r. Let c = 453 - r. What is the tens digit of c?
2
What is the thousands digit of (1/3)/(21/252819)?
4
Suppose -27*o + 62423 = -34318. What is the thousands digit of o?
3
Let s(x) = x**3 + 8*x**2 - x - 1. Let q be s(-8). Suppose q*v = 887 + 422. What is the units digit of v?
7
Let d = -21 + 25. Suppose 0 = 4*v - 2*u - 74 - 92, d*u - 37 = -v. What is the tens digit of v?
4
Let n(c) = -c**3 - 30*c**2 + 29*c + 9. Suppose 5*o + 164 = 3*f, 30 = -4*o - 5*f - 79. What is the tens digit of n(o)?
7
Let c(w) = 475*w - 219. What is the units digit of c(8)?
1
Let t(k) = -k**3 + 4*k**2 + 3*k + 7. Let l be t(5). Let o be 303/15 + l/15. What is the units digit of 78/4*(-18 + o)?
9
Let x be 0/(-2*2*(-3)/12). Suppose -1 = -2*p - 3*j - 0, x = 4*p - 4*j - 52. What is the units digit of p?
8
Let a(w) = 511*w - 657. What is the units digit of a(5)?
8
Let k = -3168 + 5669. What is the hundreds digit of k?
5
Let t(q) = 39*q - 322. Let r be t(8). Let l(k) = k - 1. Let g(x) = -x**2 - 11*x + 6. Let o(u) = -g(u) - 4*l(u). What is the tens digit of o(r)?
2
Let o be 6*(-4)/(-8) - -82. Suppose 2*p - o = j, 0 = 3*p - 4*p - j + 47. What is the tens digit of p?
4
Suppose 12*w - 18527 = 2017. What is the tens digit of w?
1
Let m(l) = 9*l - 176. Let y be m(21). Let k(q) be the second derivative of -q**4/12 + 5*q**3/2 - 9*q**2 + q. What is the units digit of k(y)?
8
Let u = -91 - -664. What is the hundreds digit of u?
5
Let v(o) = o**3 - o + 4. Let p be v(0). Suppose 7 = p*f + 19. Let i = f + 10. What is the units digit of i?
7
Let x(f) = 4*f - 8. Suppose 52 = 2*k + 4*j, -4*k - k + 60 = -4*j. Let s = k + -10. What is the tens digit of x(s)?
1
Let s(u) be the second derivative of u**4/12 + 105*u**2 + 9*u. Let o be s(0). What is the tens digit of o/8 - (-6)/8?
2
Let h be ((-1)/(9/(-111)))/((-3)/9). Let j = 193 + h. What is the tens digit of j?
5
Let w(m) = -10*m + 84. What is the units digit of w(-16)?
4
Let m = 3024 + -117. What is the units digit of m?
7
Let b(i) = i**3 - 11*i**2 - 5*i - 15. Suppose -11*n + 14*n - 36 = 0. What is the units digit of b(n)?
9
Let j(v) = -2*v - 10. Let p be j(-6). Suppose 2 + p = b. What is the units digit of (-14)/(-8)*(36 - b)?
6
Suppose -4*u + 5*o + 3543 = -u, 4724 = 4*u - 3*o. What is the thousands digit of u?
1
Let d be (3/(-6) + 1)*10. Suppose 0 = g + 4*g - d. Suppose 0 = -q + 10 + g. What is the units digit of q?
1
Let i(x) = -2*x**3 + 3*x**2 + 8*x + 35. What is the tens digit of i(-5)?
2
Let i(c) be the second derivative of -5*c**3 - 5*c**2 + 19*c. What is the units digit of i(-4)?
0
Suppose 35 - 27 = -o. Let u be (4/2)/(-2) - -21. Let b = u - o. What is the units digit of b?
8
Let r(x) = 0*x - 5*x - x + 7 + 7*x. What is the tens digit of r(3)?
1
What is the hundreds digit of 6/(-8) + 32450/88?
3
Suppose 12 = 11*v - 5*v. Suppose -v*h + 232 = -4*y + 42, 3*h = 4*y + 287. What is the tens digit of h?
9
Let u(c) = -c**3 + 7*c**2 - 7*c + 21. Let i be u(6). Let v be 22/(-4) - 3/(-6). What is the units digit of 264/i - 2/v?
8
Let v(h) = 7*h - 4. Let j(c) = c + 1. Let u(a) = 6*j(a) - v(a). Let q(n) = n**2 - n + 6. Let b be q(0). What is the units digit of u(b)?
4
Let j = -3 + 6. Let d(w) = 0*w + 3 + w + 3*w. What is the units digit of d(j)?
5
Suppose -4*j - 376 = -5*v - j, -3*j + 86 = v. What is the units digit of v?
7
Suppose 2*d + 12 = 4*s, 3*s - 5*d - 15 = -2*s. Suppose 0 = -3*r - 4*b + 57 + 19, 3*r + s*b - 75 = 0. What is the units digit of r?
4
Let b(r) = -r**3 + 10*r**2 - r. Let f = -19 + 28. What is the units digit of b(f)?
2
Let m be (-16284)/(-60) - 4/10. Let z(f) = f**2 - f + 9. Let y be z(7). Suppose -m = -5*k - y. What is the tens digit of k?
4
What is the thousands digit of (-8)/2*2892/(-8)?
1
Let m = 67 + -19. Suppose -30 = -r + 4*q, -r = 2*r + 2*q - m. What is the units digit of r?
8
Let v(y) = 17*y + 31. Let w be v(17). Suppose 5*j - w = j. What is the tens digit of j?
8
Suppose -g - 3*g = 5*y + 90, 4*g - y + 102 = 0. Let m = 87 + g. What is the units digit of m?
2
Suppose 6*u - 14 = 10. Suppose -249 = -u*s + 59. What is the units digit of s?
7
What is the hundreds digit of ((-1)/1)/(58/(-43094))?
7
Let z(p) = p**2 + 5*p - 4. Let q be z(-6). Suppose -3*n + q*b + 217 = 0, -3*b = 6*n - n - 368. What is the units digit of n?
3
Let m be 12/2 + 2 + -6. What is the units digit of (-1 + -4)*m/(-5)?
2
Let t = 188 - 138. What is the units digit of t?
0
Suppose k + 446 = -k - 2*p, -886 = 4*k - 2*p. Let y = -66 - k. What is the units digit of y?
6
Suppose -2*h = -7*h + 25. Suppose -r - 5 - 6 = -3*o, 4*r = h*o - 44. Let y = 20 + r. What is the units digit of y?
9
Suppose 5 = -5*d, 5*a - 15 = -4*d + 1. Suppose -a*l + 12 = 8. What is the units digit of l?
1
Suppose 0 = 4*k - 17010 - 5622. What is the tens digit of k?
5
Suppose 0 = -35*v + 17810 + 7775. What is the hundreds digit of v?
7
Let j(a) = 2*a**2 + 15*a + 15. Let h be j(-11). Let l = 39 + h. What is the tens digit of l?
3
Let l(a) = -267*a - 249. What is the hundreds digit of l(-4)?
8
Suppose -20*b + 12876 = 9*b. What is the units digit of b?
4
Let t = 207 + -73. What is the tens digit of t?
3
What is the tens digit of (18/90)/(2/8770)?
7
Suppose -8*c = -4095 + 95. What is the hundreds digit of c?
5
Let y(g) = -2*g - 8. Let b be y(-6). Suppose 661 = 5*z - b*c, z - c = -2 + 135. What is the units digit of z?
9
What is the units digit of -5*(1176/(-10))/6?
8
Suppose 0 = 5*z - 3*p - 9 - 2, -5*p = 3*z - 27. Let u(s) = -6*s**2 - 1 + s**3 - 7*s + 3*s**2 + z*s + 7*s. What is the units digit of u(3)?
1
Let y = -2 - -28. Let h = y + -25. What is the tens digit of -3 + (h*-48)/(-1)?
4
Let p(r) = -r + 8. Let y be p(-5). Let v = -10 + y. Suppose -2*l - 90 = -4*n, -3*l - 80 = -v*n - 4*l. What is the units digit of n?
5
Suppose 282 = 2*o - 4*t, -13*o + 11*o + 257 = t. What is the hundreds digit of o?
1
Let i(p) = -p**3 - 2*p**2 - 2*p - 2. Let d be i(-2). Suppose 3*a = d*a + 5. Suppose -2*s - 18 = -t, 3*t + 5*s + 31 = a*t. What is the tens digit of t?
2
Let n = -30 + 34. Suppo